{"id":363,"date":"2023-08-16T18:01:17","date_gmt":"2023-08-16T16:01:17","guid":{"rendered":"https:\/\/city.linkwireless.it\/?page_id=363"},"modified":"2023-11-29T10:18:24","modified_gmt":"2023-11-29T09:18:24","slug":"cms-software-di-gestione","status":"publish","type":"page","link":"https:\/\/city.linkwireless.it\/index.php\/cms-software-di-gestione\/","title":{"rendered":"CMS &#8211; Software di Gestione"},"content":{"rendered":"<div  data-label=\"About\" data-id=\"about--1\" data-export-id=\"about-10\" data-category=\"about\" class=\"about-10 content-section content-section-spacing\" id=\"about-1\" style=\"background-color: rgb(245, 250, 253);\"><div  class=\"gridContainer\"> <div  class=\"row middle-sm text-center\"><div  class=\"col-sm-5 space-bottom-xs content-column\" data-type=\"column\"> <h5  class=\"\">CMS \u2013 SOFTWARE DI GESTIONE<\/h5>  <p  class=\"\">Descrivere il prodotto e dare una definizione generale non \u00e8 facile, perch\u00e9 le opzioni del nostro software offrono diversi livelli di capacit\u00e0 e quindi adattabile a diverse applicazioni.<br >\r\nTuttavia, scendendo a compromessi cerchiamo di descrivere come dovrebbe essere una soluzione software di segnaletica digitale ideale. Dovrebbe consentire ai suoi utenti di creare facilmente esperienze di segnaletica digitale con la<br >\r\npossibilit\u00e0 di incorporare interattivit\u00e0, integrazione di hardware e servizi di terze parti e raccolta di dati per l\u2019analisi. Dovrebbe offrire totale libert\u00e0 per la selezione del formato multimediale e consentire qualsiasi design, layout o storyboard.<br >\r\nDovrebbe facilitare la collaborazione e la distribuzione remota.<\/p> <img decoding=\"async\"  class=\"custom-image\" src=\"https:\/\/city.linkwireless.it\/wp-content\/uploads\/2023\/08\/Immagine-2023-08-16-181330.jpg\" title=\"Immagine 2023-08-16 181330\" alt=\"\"><\/div> <div  class=\"col-sm-7 flexbox middle-xs center-xs space-bottom-xs\"><div  class=\"overlay-box middle-xs center-xs flexbox\"> <div  class=\"overlay-box-offset offset-border shadow-medium border-color1 hide-xs\"><\/div> <img decoding=\"async\"  class=\"shadow-large\" data-size=\"485x705\" src=\"https:\/\/city.linkwireless.it\/wp-content\/uploads\/2023\/08\/Immagine-2023-08-16-181143.jpg\" title=\"Immagine 2023-08-16 181143\" alt=\"\"><\/div> <\/div><\/div> <\/div><\/div><div  data-label=\"Overlappable\" data-id=\"overlappable--1\" data-export-id=\"overlappable-1\" data-category=\"overlappable\" class=\"overlappable-1 content-section content-section-spacing\" data-overlap=\"true\" id=\"overlappable-1\" style=\"background-color: rgb(255, 255, 255);\"><div  class=\"gridContainer\"> <div  data-type=\"row\" class=\"row shadow-medium\"><div  data-type=\"column\" class=\"col-xs-12 col-sm-4 flexcol bg-color-white col-padding col-padding-small-xs col-md-3\"> <i  class=\"fa icon fa-forumbee color2\"><\/i> <h5  class=\"\">Player:<\/h5> <p  class=\"\">u\u00f2 essere installato su qualsiasi dispositivo in grado di fornire la potenza, hardware e gli equipaggiamenti necessari per svolgere il proprio lavoro. Ci\u00f2 significa<br >\r\nche si pu\u00f2 utilizzare su PC, dispositivi palmari, console di gioco, vari moderni<br >\r\ndispositivi multimediali plug-and-play e un\u2019ampia gamma di smart TV.<\/p> <\/div> <div  data-type=\"column\" class=\"col-xs-12 col-sm-4 flexcol bg-color2 col-padding col-padding-small-xs inverted col-md-3\"><i  class=\"fa icon fa-cubes white\"><\/i> <h5  class=\"inverted\">Piattaforme consolidate:<\/h5> <p  class=\"\">Il lettore \u00e8 disponibile per Windows, Android, Linux e webOS (il sistema di smart TV di LG), permettendo cos\u00ec di utilizzare oltre a mini PC<br >\r\ndedicati, anche smart TV, e tablet commerciali incidendo molto sui costi di<br >\r\nattuazione.<\/p> <\/div> <div  data-type=\"column\" class=\"col-xs-12 col-sm-4 flexcol bg-color6 col-padding col-padding-small-xs inverted col-md-3\"><i  class=\"fa icon fa-paper-plane color3\"><\/i> <h5  class=\"inverted\">Contenuti flessibili:<\/h5> <p  class=\"\">ll sistema di contenuti \r\n<br >disponibili si ispira ai sistemi programmabili basati su HTML utilizzati per molti streaming live complessi.<\/p> <\/div> <div  data-type=\"column\" class=\"col-xs-12 col-sm-4 flexcol bg-color-white col-padding col-padding-small-xs col-md-3\"> <i  class=\"fa icon fa-forumbee color2\"><\/i> <h5  class=\"\">Computing e Storage:<\/h5> <p  class=\"\">Il software \u00e8 in grado di effettuare rendering paralleli, senza limitare la capacit\u00e0 logica del sistema. Ci\u00f2 semplifica notevolmente i tempi e la pianificazione e consente di sincronizzare pi\u00f9 display.<\/p> <\/div><div  data-type=\"column\" class=\"col-xs-12 col-sm-4 flexcol bg-color-white col-padding col-padding-small-xs col-md-3\"> <i  class=\"fa icon fa-forumbee color2\"><\/i> <h5  class=\"\">Layout e widget avanzati:<\/h5> <p  class=\"\">Layout completi con dati esterni, widget personalizzati ed elementi audiovisivi per la pubblicit\u00e0. Con un tocco artistico, si possono creare display multimediali che rivaleggiano con i live streaming di alta qualit\u00e0.<\/p> <\/div><div  data-type=\"column\" class=\"col-xs-12 col-sm-4 flexcol bg-color-white col-padding col-padding-small-xs col-md-3\"> <i  class=\"fa icon fa-forumbee color2\"><\/i> <h5  class=\"\">Programmazione:<\/h5> <p  class=\"\">Automatizzazioni dei display con timeline, trigger codificati e<br >\r\nmolto altro, il che significa che si pu\u00f2 andare oltre i semplici loop, senza dover<br >\r\ngestire uno studio di trasmissione per farlo!<\/p> <\/div><div  data-type=\"column\" class=\"col-xs-12 col-sm-4 flexcol bg-color-white col-padding col-padding-small-xs col-md-3\"> <i  class=\"fa icon fa-forumbee color2\"><\/i> <h5  class=\"\">Web completo:<\/h5> <p  class=\"\">si possono impostare domini personalizzati e feed di dati,<br >\r\nattraverso un normale browser e interpretarli anche attraverso i dispositivi pi\u00f9<br >\r\nsemplici che possono funzionare veramente bene con questa infrastruttura.<\/p> <\/div><\/div><\/div> <\/div><div  data-label=\"About\" data-id=\"about--2\" data-export-id=\"about-10\" data-category=\"about\" class=\"about-10 content-section content-section-spacing\" id=\"about-2\" style=\"background-color: rgb(245, 250, 253);\"><div  class=\"gridContainer\"> <div  class=\"row middle-sm text-center\"><div  class=\"col-sm-5 space-bottom-xs content-column\" data-type=\"column\"> <h5  class=\"\">PERCH\u00c8 UTILIZZARLO?<\/h5>  <p  class=\"\">Secondo statistiche di molti operatori del settore, la segnaletica digitale ha un\u2019efficacia del 47,7% sulla consapevolezza del marchio e nelle metodiche per la pubblicit\u00e0 dei prodotti, sappiamo che utilizzare gli schermi nei centri commerciali e nelle vetrine \u00e8 un ottimo modo per raggiungere e attirare<br >\r\nl\u2019attenzione delle persone. \r\n<br >Di fatto ha superato i metodi tradizionali di pubblicit\u00e0 e ha un vantaggio maggiore rispetto ad altri media convenzionali<br >\r\ncome TV, radio, riviste e giornali. Attraverso grafiche e messaggi su misura, si riesce a comunicare facilmente con il pubblico. \u00c8 quindi possibile condividere una serie di messaggi multimediali a scopo informativo, pubblicitario o di intrattenimento, con risultati di grande impatto. \r\n<br >La segnaletica digitale pu\u00f2<br >\r\nessere posta in molti luoghi, delle citt\u00e0 e oltre, che trasmettono informazioni in modo semplice ed efficace e di fatto ha preso un posto in prima fila nel mondo della pubblicit\u00e0.\r\n<br >Esistono due tipi di soluzioni di digital signage indoor e outdoor. Questi ultimi sono spesso utilizzati negli spazi pubblici, in strada o alle fermate degli autobus o della metropolitana. Vengono posti nei punti di accesso alle citt\u00e0 in modo da raggiungere un vasto pubblico. \r\n<br >Questo tipo di formato di comunicazione ha<br >\r\nun\u2019alta percentuale di riconoscimento da parte degli utenti. Pu\u00f2 essere modificato a seconda del messaggio e della grafica che un\u2019azienda vuole utilizzare e quindi rappresentare il meglio. Nell\u2019iconografia mondiale questa tecnologia e riconducibile a Times Square \u201cNew York\u201d negli Stati Uniti o Nanjing<br >\r\nStreet a Shanghai. L\u2019altro tipo di digital signage \u00e8 quello da interno e sono collocati intorno ai punti vendita o servizi di un\u2019azienda o organizzazione. In questo caso possono essere utilizzati anche schermi tattili che molte persone<br >\r\ntroveranno attraenti da guardare e quindi forniranno un\u2019ottima tattica pubblicitaria. I video collegati attraverso un computer in rete, fanno s\u00ec che la grafica e le informazioni possano essere gestite dal quartier generale. \r\n<br >Ogni messaggio sar\u00e0 disciplinato per un orario e una data prestabilita, creando un<br >\r\npalinsesto operativo.<\/p> <img decoding=\"async\"  class=\"custom-image\" src=\"https:\/\/city.linkwireless.it\/wp-content\/uploads\/2023\/08\/Immagine-2023-08-16-180656.jpg\" title=\"Immagine 2023-08-16 180656\" alt=\"\"><\/div> <div  class=\"col-sm-7 flexbox middle-xs center-xs space-bottom-xs\"><div  class=\"overlay-box middle-xs center-xs flexbox\"> <div  class=\"overlay-box-offset offset-border shadow-medium border-color1 hide-xs\"><\/div> <img decoding=\"async\"  class=\"shadow-large\" data-size=\"485x705\" src=\"https:\/\/city.linkwireless.it\/wp-content\/uploads\/2023\/08\/Immagine-2023-08-16-180624.jpg\" title=\"Immagine 2023-08-16 180624\" alt=\"\"><\/div> <\/div><\/div> <\/div><\/div><div  data-label=\"About\" data-id=\"about--3\" data-export-id=\"about-10\" data-category=\"about\" class=\"about-10 content-section content-section-spacing\" id=\"about-3\" style=\"background-color: rgb(245, 250, 253);\"><div  class=\"gridContainer\"> <div  class=\"row middle-sm text-center\"><div  class=\"col-sm-5 space-bottom-xs content-column\" data-type=\"column\"> <h5  class=\"\">I TANTI PUNTI PER CUI IL DIGITAL SIGNAGE PUO\u2019<br >\r\nE DEVE ESSERE ADOTTATO<\/h5>  <p  class=\"\">Ci sono una miriade di vantaggi per le aziende\r\n<br >con il digital signage.\r\n<br >Non solo fornisce ottimi risultati, senza richiedere molte implementazioni, e una volta lanciato non necessita pi\u00f9 di nulla, liberando risorse umane.<br >\r\nNel merito, qui di seguito descriviamo i motivi principali per iniziare a utilizzare la comunicazione attraverso il Digital Signage.<\/p> <img decoding=\"async\"  class=\"custom-image\" src=\"https:\/\/city.linkwireless.it\/wp-content\/uploads\/2023\/08\/Immagine-2023-08-16-180918-2.jpg\" title=\"Immagine 2023-08-16 180918\" alt=\"\"><\/div> <div  class=\"col-sm-7 flexbox middle-xs center-xs space-bottom-xs\"><div  class=\"overlay-box middle-xs center-xs flexbox\"> <div  class=\"overlay-box-offset offset-border shadow-medium border-color1 hide-xs\"><\/div> <img decoding=\"async\"  class=\"shadow-large\" data-size=\"485x705\" src=\"https:\/\/city.linkwireless.it\/wp-content\/uploads\/2023\/08\/Immagine-2023-08-16-180732-1.jpg\" title=\"Immagine 2023-08-16 180732\" alt=\"\"><\/div> <\/div><\/div> <\/div><\/div><div  data-label=\"Features\" data-id=\"features--1\" data-export-id=\"features-13-card-bordered\" data-category=\"features\" class=\"features-13 content-section content-section-spacing\" id=\"features-1\" style=\"background-color: rgb(245, 250, 253);\"><div  class=\"gridContainer\"> <div  class=\"row text-center\"><div  class=\"section-title-col\" data-type=\"column\">  <\/div> <\/div> <div  class=\"row spaced-cols content-center-sm\" data-type=\"row\"> <div  class=\"col-sm-4 col-md-4 \"> <div  class=\"card bordered y-move\" data-type=\"column\"> <i  class=\"fa icon fa-codepen big round reverse color1\"><\/i> <h4  class=\"\">Migliora l\u2019esperienza del cliente<\/h4> <p  class=\"\">Se vuoi essere dinamico e pensare fuori dagli schemi, puoi farlo utilizzando il<br >\r\ndigital signage. Software adeguati rendono facile formattare i contenuti per assicurare che vengano ricordati. Questo \u00e8 il primo passo per migliorare il servizio ai clienti, che possono appurare la qualit\u00e0 nel materiale di marketing, acquisendo inconsciamente maggiore fiducia nell\u2019attivit\u00e0 dell\u2019azienda rappresentata. \r\n<br >Molti monitor possono essere interattivi, consentendo di connettersi con il pubblico, porre domande, cercare informazioni e anche aiutare a generare dati demografici per creare campagne pubblicitarie su misura. \r\n<br >Con un po\u2019 di fantasia, si possono<br >\r\ncreare relazioni di grande impatto, in modo semplice. \u00c8 geniale!<\/p> <\/div> <\/div> <div  class=\"col-sm-4 col-md-4 \"> <div  class=\"card bordered y-move\" data-type=\"column\"> <i  class=\"fa icon fa-codepen big round reverse color1\"><\/i> <h4  class=\"\">Aumenta il coinvolgimento del marchio<\/h4> <p  class=\"\">Se inserisci un annuncio significativo e le persone rispondono ad esso, sei a met\u00e0 dell\u2019opera per l\u2019acquisizione di nuovi clienti.\r\n<br >Il potenziale \u00e8 infinito. Molte aziende<br >\r\nsceglieranno di aggiungere le icone dei social media a un annuncio. Questo di per s\u00e9 aumenta gi\u00e0 la quantit\u00e0 di comunicazione. \r\n<br >Si pu\u00f2 condividere il sito web, i<br >\r\ndettagli di contatto e lo slogan aziendale. \r\n<br >Lo si pu\u00f2 fare in modo creativo dando un vantaggio concreto al brand dell\u2019azienda in un mercato saturo. Dopotutto, quando i potenziali clienti sono intrattenuti da contenuti visualizzati su schermi LED, aiuta<br >\r\nloro e te!<\/p> <\/div> <\/div> <div  class=\"col-sm-4 col-md-4 \"> <div  class=\"card bordered y-move\" data-type=\"column\"> <i  class=\"fa icon fa-codepen big round reverse color1\"><\/i> <h4  class=\"\">Informazioni preziose per le decisioni di un\u2019azienda<\/h4> <p  class=\"\">Se si vuole saperne di pi\u00f9 sui propri clienti, bisogna avere informazioni sui gusti e sulle loro preferenze. \r\n<br >Il digital signage volendo pu\u00f2 essere interattivo, dando la<br >\r\npossibilit\u00e0 di interagire con i clienti, ponendogli delle domande che aiutano molto il processo decisionale. Ottenendo una rapida analisi del pubblico si potr\u00e0 reagire rapidamente, ottimizzando i contenuti in base ai risultati.<\/p> <\/div> <\/div><div  class=\"col-sm-4 col-md-4\"> <div  class=\"card bordered y-move\" data-type=\"column\"> <i  class=\"fa icon fa-codepen big round reverse color1\"><\/i> <h4  class=\"\">Cattura l\u2019attenzione del pubblico<\/h4> <p  class=\"\">\u00c8 pi\u00f9 probabile che le persone guardino uno schermo digitale rispetto a formati pubblicitari pi\u00f9 convenzionali. Un monitor digitale che lampeggia e che offre ai clienti qualcosa di interessante sar\u00e0 sicuramente pi\u00f9 apprezzato. Per esempio, la<br >\r\ncondivisione di nuovi sconti o nuovi vantaggi, a cui le persone daranno attenzione insieme ad altri messaggi informativi o pubblicitari.<br >\r\nMolto diverso dal porre attenzione al volantino posto in una pila su un bancone. In sostanza, la grafica accattivante avr\u00e0 un impatto positivo sugli effetti del marketing e offrir\u00e0 la<br >\r\nmassima visibilit\u00e0 del marchio, esponendo con efficacia il messaggio e il logo dell\u2019azienda.<br >\r\nGli annunci ben progettati saranno ricordati, motivo per cui il design giocher\u00e0 un ruolo importante nel successo del progetto. Catturare il pubblico \u00e8 il primo passo in assoluto per seguire un invito all\u2019azione.<\/p> <\/div> <\/div><div  class=\"col-sm-4 col-md-4\"> <div  class=\"card bordered y-move\" data-type=\"column\"> <i  class=\"fa icon fa-codepen big round reverse color1\"><\/i> <h4  class=\"\">Consente la gestione remota dei contenuti<\/h4> <p  class=\"\">I messaggi diretti a localit\u00e0 diverse possono essere trasmessi da un\u2019unica risorsa.<br >\r\nUtilizzando un sistema di comunicazione affidabile e flessibile si potr\u00e0 gestire innumerevoli monitor e tantissimi contenuti. \r\n<br >Questo mette in luce che, essere in<br >\r\ngrado di fare pubblicit\u00e0 in qualsiasi luogo, apre un mondo di possibilit\u00e0 e di<br >\r\nopportunit\u00e0. \r\n<br >Avere il controllo di un network digital signage, paragonabile per molti versi ad un network televisivo restituisce una capacit\u00e0 comunicativa<br >\r\nindipendente e senza paragoni.<\/p> <\/div> <\/div><\/div> <\/div><\/div><div  data-label=\"Content\" data-id=\"content--1\" data-export-id=\"content-5\" data-category=\"content\" class=\"content-5 content-section content-section-spacing\" id=\"content-1\" style=\"background-color: rgb(255, 255, 255);\"><div  class=\"gridContainer\"> <div  class=\"row text-center\"><div  class=\"section-title-col\" data-type=\"column\">  <\/div> <\/div> <div  class=\"row middle-sm\"> <div  class=\"col-sm-6 space-bottom-xs\"> <div  class=\"row space-bottom content-holder\" data-type=\"column\"> <h3  class=\"color2\">Come gestire dispositivi e lettori del digital signage?<\/h3> <p  class=\"\">Il digital signage non \u00e8 semplicemente uno strumento magico da<br >\r\nutilizzare nelle attivit\u00e0 di marketing digitale. Per creare una strategia<br >\r\nsenza soluzione di continuit\u00e0, molti dei ruoli vengono interpretati dietro<br >\r\nle quinte. Questa tecnologia \u00e8 vitale e deve essere ben mantenuta. Dal<br >\r\ncollegamento dei pannelli a un terminale di connessione del cliente, ci<br >\r\nsono molti passaggi che assicurano che tutto funzioni bene.<\/p><\/div> <div  class=\"row space-bottom\" data-type=\"row\"><div  class=\"col-sm-6 space-bottom\"> <i  class=\"fa icon fa-codepen medium color1\"><\/i> <h5  class=\"\">CMS (sistema di gestione dei contenuti)<\/h5> <p  class=\"\">\u00c8 un elemento vitale della gestione del digital signage. Aiuta a creare e<br >\r\nmodificare i segni digitali e ha la propriet\u00e0 di poter essere utilizzato tramite un\u2019interfaccia WEB e quindi il gestore non ha bisogno di avere conoscenze di programmazione ma solo di prendere dimestichezza con lo strumento. \r\n<br >\u00c8 semplice da usare ma efficace e quindi si pu\u00f2 aggiungere o modificare i contenuti a seconda del messaggio da trasmettere. Utilizzare o creare un modello attraverso gli strumenti di gestione delle immagini e dei contenuti<br >\r\nmultimediali. \r\n<br >Si possono creare ottimi contenuti per i tuoi annunci, di volta in<br >\r\nvolta.<\/p><\/div> <div  class=\"col-sm-6\"><i  class=\"fa icon fa-codepen medium color1\"><\/i> <h5  class=\"\">Soluzioni di gestione dei dispositivi mobili<\/h5> <p  class=\"\">Molte aziende gestiscono la segnaletica digitale tramite app sul telefono. \r\n<br >Il mobile marketing \u00e8 fondamentale. Dopotutto, la maggior parte del nostro marketing digitale viene effettuata tramite questo metodo. Il marketing mobile include software, app e reti che utilizziamo negli affari. I social media ovviamente sono i pi\u00f9 vitali in questa sfera; sebbene con il digital signage, alcune forme di mobile marketing vengano implementate in questo modo.<br >\r\nCondivisione di app e siti social con i clienti e integrazione su tutti i canali con un invito all\u2019azione. Pertanto, \u00e8 necessaria una rigorosa diligenza. Gestione dei dispositivi mobilie MDM per la segnaletica digitale assicurer\u00e0 che le tue app siano al sicuro e che la tua azienda non sia minacciata da attacchi informatici.<\/p><\/div> <div  class=\"col-sm-6 space-bottom\"><i  class=\"fa icon fa-codepen medium color1\"><\/i> <h5  class=\"\">Gestione remota e sicurezza<\/h5> <p  class=\"\">A gestione remota illumina l\u2019implementazione di una soluzione di manutenzione remota sicura. Ci\u00f2 include la pianificazione e l\u2019integrazione attraverso misure tecniche concrete e quindi garantire che il network sia sempre sicuro, anche attraverso l\u2019uso di un firewall potente. \r\n<br >Non \u00e8 importante solo la sicurezza per i contenuti, ma anche per gli elementi fisici. \r\n<br >Qualsiasi attivit\u00e0 commerciale deve proteggere i monitor da danni o atti vandalici. I prodotti resistenti agli agenti atmosferici sono i migliori, ma alcune aziende scelgono di racchiudere ulteriormente in yeche.<\/p><\/div> <div  class=\"col-sm-6\"><i  class=\"fa icon fa-codepen medium color1\"><\/i> <h5  class=\"\">Conclusione<\/h5> <p  class=\"\">La segnaletica digitale continuer\u00e0 ad evolversi unitamente alle tecnologie dicomunicazione, dimostrando sempre di pi\u00f9 il suo valore. \r\n<br >\u00c8 una tecnica di diversificazione delle attivit\u00e0 di comunicazione che implementa metodi e<br >\r\ntecniche diverse dai tradizionali canali broadcast. \r\n<br >Utilizzando la manodopera e la tecnologia giuste si pu\u00f2 creare il miglior piano di digital signage marketing e<br >\r\noltre.<\/p><\/div> <\/div><\/div> <div  class=\"col-sm-6 flexbox around-xs top-xs space-bottom-xs\"><div  class=\"overlay-box flexbox middle-xs center-xs overlay-holder\"> <div  class=\"overlay-box-offset offset-background shadow-medium bg-color2 hide-xs\"><\/div> <img decoding=\"async\"  class=\"flexbox shadow-large img1\" data-size=\"485x632\" src=\"https:\/\/city.linkwireless.it\/wp-content\/uploads\/2023\/08\/Immagine-2023-08-16-180904-1.jpg\" title=\"Immagine 2023-08-16 180904\" alt=\"\"><\/div> <\/div><\/div> <\/div><\/div>","protected":false},"excerpt":{"rendered":"<p>CMS \u2013 SOFTWARE DI GESTIONE Descrivere il prodotto e dare una definizione generale non \u00e8 facile, perch\u00e9 le opzioni del nostro software offrono diversi livelli di capacit\u00e0 e quindi adattabile a diverse applicazioni. Tuttavia, scendendo a compromessi cerchiamo di descrivere come dovrebbe essere una soluzione software di segnaletica digitale ideale. Dovrebbe consentire ai suoi utenti&hellip; <br \/> <a class=\"read-more\" href=\"https:\/\/city.linkwireless.it\/index.php\/cms-software-di-gestione\/\">Read more<\/a><\/p>\n","protected":false},"author":1,"featured_media":0,"parent":0,"menu_order":0,"comment_status":"closed","ping_status":"closed","template":"pro\/page-templates\/full-width-page.php","meta":{"footnotes":""},"class_list":["post-363","page","type-page","status-publish","hentry"],"_links":{"self":[{"href":"https:\/\/city.linkwireless.it\/index.php\/wp-json\/wp\/v2\/pages\/363","targetHints":{"allow":["GET"]}}],"collection":[{"href":"https:\/\/city.linkwireless.it\/index.php\/wp-json\/wp\/v2\/pages"}],"about":[{"href":"https:\/\/city.linkwireless.it\/index.php\/wp-json\/wp\/v2\/types\/page"}],"author":[{"embeddable":true,"href":"https:\/\/city.linkwireless.it\/index.php\/wp-json\/wp\/v2\/users\/1"}],"replies":[{"embeddable":true,"href":"https:\/\/city.linkwireless.it\/index.php\/wp-json\/wp\/v2\/comments?post=363"}],"version-history":[{"count":0,"href":"https:\/\/city.linkwireless.it\/index.php\/wp-json\/wp\/v2\/pages\/363\/revisions"}],"wp:attachment":[{"href":"https:\/\/city.linkwireless.it\/index.php\/wp-json\/wp\/v2\/media?parent=363"}],"curies":[{"name":"wp","href":"https:\/\/api.w.org\/{rel}","templated":true}]}}