{"id":349,"date":"2023-08-16T17:25:49","date_gmt":"2023-08-16T15:25:49","guid":{"rendered":"https:\/\/city.linkwireless.it\/?page_id=349"},"modified":"2023-08-16T18:00:21","modified_gmt":"2023-08-16T16:00:21","slug":"esempi-applicazioni","status":"publish","type":"page","link":"https:\/\/city.linkwireless.it\/index.php\/esempi-applicazioni\/","title":{"rendered":"Esempi applicazioni"},"content":{"rendered":"<div  data-label=\"About\" data-id=\"about--1\" data-export-id=\"about-1\" data-category=\"about\" class=\"about-1 content-section\" id=\"about-1\" style=\"background-color: rgb(255, 255, 255);\"><div  class=\"gridContainer\"> <div  class=\"row text-center\"><div  class=\"section-title-col\" data-type=\"column\"> <h5  class=\"\">Esempi delle pi\u00f9 comuni applicazioni per la segnaletica<br >\ndigitale, in base allo scenario<\/h5>  <p  class=\"lead\">Conosciamo i tipi di segnaletica digitale utilizzati in generale. Questi includono<br >\nposter digitali, schermi indipendenti, display a soffitto, segnaletica digitale per<br >\nesterni, segnaletica digitale per interni, menu digitali e altro ancora. Ma chi li usa<br >\na proprio vantaggio? La verit\u00e0 \u00e8 che possono utilizzarli tutti: per costruire<br >\nl\u2019identit\u00e0 del marchio, veicolare un messaggio pubblicitario o uno di interesse<br >\naziendale. \u00c8 molto rilevante che ci\u00f2 che si offre viene visualizzato in un luogo<br >\nscelto per trarne il massimo beneficio.<\/p><\/div> <\/div> <div  class=\"row\"> <div  class=\"button-holder space-bottom space-bottom-small\" data-type=\"column\"> <\/div> <div  class=\"col-xs bottom-xs flexbox image-group-bottom-3-img space-bottom-xs center-xs\"> <img decoding=\"async\"  class=\"left-img shadow-large-black\" data-size=\"500x300\" src=\"https:\/\/city.linkwireless.it\/wp-content\/uploads\/2023\/08\/cropped-cropped-Immagine-2023-08-01-171701.jpg\" title=\"cropped-cropped-Immagine-2023-08-01-171701.jpg\" alt=\"\"> <img decoding=\"async\"  class=\"center-img shadow-large-black\" data-size=\"500x300\" src=\"https:\/\/city.linkwireless.it\/wp-content\/uploads\/2023\/08\/cropped-Immagine-2023-08-01-174018.jpg\" title=\"cropped-Immagine-2023-08-01-174018.jpg\" alt=\"\"> <img decoding=\"async\"  class=\"right-img shadow-large-black\" data-size=\"500x300\" src=\"https:\/\/city.linkwireless.it\/wp-content\/uploads\/2023\/08\/Immagine-2023-08-01-171956.jpg\" title=\"Immagine 2023-08-01 171956\" alt=\"\"><\/div> <\/div><\/div> <\/div><div  data-label=\"About\" data-id=\"about--2\" data-export-id=\"about-10\" data-category=\"about\" class=\"about-10 content-section content-section-spacing\" id=\"about-2\" style=\"background-color: rgb(245, 250, 253);\"><div  class=\"gridContainer\"> <div  class=\"row middle-sm text-center\"><div  class=\"col-sm-5 space-bottom-xs content-column\" data-type=\"column\"> <h5  class=\"\">Le soluzioni di digital signage sono utilizzate in molti settori:<\/h5>  <p  class=\"\">\u2022 <span  style=\"font-weight: 700;\">Media e pubblicit\u00e0:<\/span> le societ\u00e0 di media e pubblicit\u00e0 sceglieranno di inserire annunci e insegne nei luoghi che otterranno il maggior slancio. Le strade e le aree trafficate saranno le migliori. \n<br >Le societ\u00e0 di media possono condividere<br >\ninformazioni rilevanti.<br >\n\u2022<span  style=\"font-weight: 700;\"> Vendita al dettaglio:<\/span> forse il settore pi\u00f9 comune che utilizza il digital signage e con buone ragioni. Le aziende possono condividere offerte, pubblicizzare articoli nuovi e altro con una semplice pubblicit\u00e0. \n<br >Si possono offrire persino codici<br >\nDynamicQR che consentono al cliente di accedere direttamente alle pagine dei social media o al sito Web. Il commercio al dettaglio \u00e8 un settore ampio, ma la promozione dei prodotti \u00e8 molto interessante. \n<br >Condividere nuove tendenze, vendite e offerte e persino un invito all\u2019azione; ad esempio \u201ctrovaci al terzo piano\u201d. Questo \u00e8 un modo molto significativo per connettersi a un cliente.<br >\n\u2022 <span  style=\"font-weight: 700;\">Ristoranti:<\/span> molti ristoranti e catene alimentari stanno optando per il digital signage. \n<br >Si possono creare un menu interattivo e quindi ordinare il tuo cibo e ritirarlo tramite questo checkpoint digitale. Questo \u00e8 gi\u00e0 stato implementato in molti ristoranti. Il contenuto condiviso per qualsiasi ristorante pu\u00f2 essere specifico per ci\u00f2 che scegli di promuovere. \n<br >Ad esempio, le foto del tuo ultimo<br >\nmenu speciale possono essere vitali. Presentare i membri del personale o condividere come procuri e cucini il cibo.<br >\n\u2022 <span  style=\"font-weight: 700;\">Corporate e business:<\/span> gli annunci aziendali sono un modo ideale per aumentare il morale e far sentire le persone pi\u00f9 connesse e apprezzate. \n<br >Le aziende possono utilizzare la segnaletica digitale per annunciare un compleanno, una celebrazione aziendale, un anniversario di lavoro, nuovi visitatori, promozioni o<br >\nmessaggi preziosi. Pu\u00f2 anche essere utilizzato per aiutare altri dipendenti a interagire tra loro. \n<br >Possono essere utilizzati durante le riunioni, per migliorare i<br >\npunti ottenuti e per creare informazioni vitali su uno schermo visivo che ha maggiori probabilit\u00e0 di migliorare il processo di apprendimento.<br >\n\u2022 <span  style=\"font-weight: 700;\">Ospedali\/assistenza sanitaria:<\/span> questi monitor digitali possono essere utilizzati per facilitare le attivit\u00e0 di un ospedale. Dopotutto, sia i pazienti che i medici potrebbero aver bisogno di trovare prontamente un posto, un reparto o una sala<br >\nriunioni. I segnali interattivi possono guidarti nel luogo in cui devi essere. Oltre a questo, pu\u00f2 offrire messaggi medici vitali, avvisi sanitari e altro, per assistere la salute pubblica.<br >\n\u2022 <span style=\"font-weight: 700;\" >Hotel e viaggi:<\/span> gli hotel e i professionisti del settore dei viaggi possono scegliere di utilizzare questo network come un modo per indirizzare i viaggiatori e assisterli con un soggiorno migliore. I check-in automatici, ad esempio, sono fantastici e fanno risparmiare molto tempo. Le informazioni di benvenuto e le<br >\ninformazioni relative all\u2019hotel potrebbero essere semplici ed efficaci per gli ospiti. \n<br >Gli orari di apertura delle offerte termali per il ristorante e la pubblicit\u00e0 della piscina sono ottimi modi per migliorare l\u2019esperienza di un viaggiatore. Nella stanza o nella suite, la segnaletica digitale pu\u00f2 rendere il servizio in camera<br >\nmolto pi\u00f9 accessibile e facile per tutti. In aggiunta a questo, le informazioni di viaggio e persino l\u2019intrattenimento sono facili da ottenere e rendono molto pi\u00f9 facile il soggiorno degli ospiti. Un sistema moderno e facile da usare soddisfer\u00e0<br >\nfacilmente i tuoi ospiti.<\/p> <\/div> <div  class=\"col-sm-7 flexbox middle-xs center-xs space-bottom-xs\"><div  class=\"overlay-box middle-xs center-xs flexbox\"> <div  class=\"overlay-box-offset offset-border shadow-medium border-color1 hide-xs\"><\/div> <img decoding=\"async\"  class=\"shadow-large\" data-size=\"485x705\" src=\"https:\/\/city.linkwireless.it\/wp-content\/uploads\/2023\/08\/Immagine-2023-08-16-172600.jpg\" title=\"Immagine 2023-08-16 172600\" alt=\"\"><\/div> <\/div><\/div> <\/div><\/div>","protected":false},"excerpt":{"rendered":"<p>Esempi delle pi\u00f9 comuni applicazioni per la segnaletica digitale, in base allo scenario Conosciamo i tipi di segnaletica digitale utilizzati in generale. Questi includono poster digitali, schermi indipendenti, display a soffitto, segnaletica digitale per esterni, segnaletica digitale per interni, menu digitali e altro ancora. Ma chi li usa a proprio vantaggio? La verit\u00e0 \u00e8 che&hellip; <br \/> <a class=\"read-more\" href=\"https:\/\/city.linkwireless.it\/index.php\/esempi-applicazioni\/\">Read more<\/a><\/p>\n","protected":false},"author":1,"featured_media":0,"parent":0,"menu_order":0,"comment_status":"closed","ping_status":"closed","template":"pro\/page-templates\/full-width-page.php","meta":{"footnotes":""},"class_list":["post-349","page","type-page","status-publish","hentry"],"_links":{"self":[{"href":"https:\/\/city.linkwireless.it\/index.php\/wp-json\/wp\/v2\/pages\/349","targetHints":{"allow":["GET"]}}],"collection":[{"href":"https:\/\/city.linkwireless.it\/index.php\/wp-json\/wp\/v2\/pages"}],"about":[{"href":"https:\/\/city.linkwireless.it\/index.php\/wp-json\/wp\/v2\/types\/page"}],"author":[{"embeddable":true,"href":"https:\/\/city.linkwireless.it\/index.php\/wp-json\/wp\/v2\/users\/1"}],"replies":[{"embeddable":true,"href":"https:\/\/city.linkwireless.it\/index.php\/wp-json\/wp\/v2\/comments?post=349"}],"version-history":[{"count":0,"href":"https:\/\/city.linkwireless.it\/index.php\/wp-json\/wp\/v2\/pages\/349\/revisions"}],"wp:attachment":[{"href":"https:\/\/city.linkwireless.it\/index.php\/wp-json\/wp\/v2\/media?parent=349"}],"curies":[{"name":"wp","href":"https:\/\/api.w.org\/{rel}","templated":true}]}}